{"id":20,"date":"2019-04-27T20:46:53","date_gmt":"2019-04-27T20:46:53","guid":{"rendered":"http:\/\/rainerseifert.de\/?page_id=20"},"modified":"2024-03-07T22:33:02","modified_gmt":"2024-03-07T22:33:02","slug":"freie-demokraten","status":"publish","type":"page","link":"https:\/\/rainerseifert.de\/?page_id=20","title":{"rendered":"Freie Demokraten FDP"},"content":{"rendered":"\n<p>Als langj\u00e4hriger FDP Sympathisant und FDP W\u00e4hler bin ich seit Ende 2013 auch Mitglied der <a rel=\"noreferrer noopener\" href=\"http:\/\/www.fdp-bielefeld.de\/\" target=\"_blank\">FDP in Bielefeld.<\/a><\/p>\n\n\n\n<h3 class=\"wp-block-heading\">\u00c4mter, Mandate und Positionen<\/h3>\n\n\n\n<ul>\n<li><strong>Mitglied des Stadtrats Bielefeld<\/strong> (als Mitglied der 5-k\u00f6pfigen FDP-Fraktion) (seit Nov 2020) \n<ul>\n<li>verkehrspolitischer Sprecher der FDP Fraktion<\/li>\n\n\n\n<li>Mitglied im Stadtentwicklungsausschuss<\/li>\n\n\n\n<li>Mitglied im Digitalisierungsausschuss (stellv. Vorsitz)<\/li>\n\n\n\n<li>Mitglied in der Partnerschaftskommission<\/li>\n\n\n\n<li>stellv. Mitglied im Betriebsausschuss Umweltbetrieb<\/li>\n\n\n\n<li>Mitglied der Verbandsversammlung Abwasserverband Obere Lutter (AOL)<\/li>\n\n\n\n<li>stellv. Mitglied der Verbandsversammlung Werre-Wasserverband Herford<\/li>\n\n\n\n<li>Mitglied Verbandsversammlung Zweckverband Verkehrsverbund OWL (VVOWL)<\/li>\n\n\n\n<li>stellv. Mitglied Verbandsversammlung Nahverkehrsverband Westfalen-Lippe (NWL)<\/li>\n\n\n\n<li>stellv. Gesellschaftsvertreter der Sennestadt GmbH<\/li>\n\n\n\n<li>Mitglied des Aufsichtsrates der Bielefelder Verkehrsbetriebe moBiel GmbH<\/li>\n<\/ul>\n<\/li>\n\n\n\n<li><strong>Mitglied der Bezirksvertretung Brackwede<\/strong> (als Einzelvertreter der FDP) (seit Nov 2020)<\/li>\n\n\n\n<li><strong>stellv. Kreisvorsitzender der FDP Bielefeld<\/strong> (seit M\u00e4rz 2024, vorher Beisitzer (2022), vorher Schriftf\u00fchrer (2018), vorher Beisitzer (2016)<\/li>\n\n\n\n<li><span style=\"font-size: 1rem;\"><strong>Ortsvorsitzender des FDP Ortsverbandes Brackwede<\/strong> (seit Feb. 2015)<\/span><\/li>\n\n\n\n<li>Delegierter f\u00fcr den FDP Bezirksparteitag OWL<\/li>\n\n\n\n<li>Delegierter f\u00fcr den FDP Landesparteitag NRW<\/li>\n\n\n\n<li>stellv. Delegierter f\u00fcr den FDP Bundesparteitag<\/li>\n<\/ul>\n\n\n\n<h3 class=\"wp-block-heading\"> Ich bin Mitglied der Freien Demokraten, weil<\/h3>\n\n\n\n<ul>\n<li>nur die FDP die soziale Marktwirtschaft mit der b\u00fcrgerlichen Freiheit zur Selbstentfaltung verbindet<\/li>\n\n\n\n<li>nur die FDP den Grundsatz &#8222;So wenig Staat wie m\u00f6glich, so viel Staat wie n\u00f6tig.&#8220; teilt<\/li>\n\n\n\n<li>nur die FDP auf Freiheit in Verantwortung und gegen die allgegenw\u00e4rtige gesellschaftliche Bevormundung eintritt<\/li>\n\n\n\n<li>nur die FDP zur Leistungsgesellschaft steht und die Ansicht &#8222;Leistung muss sich lohnen&#8220; vertritt<\/li>\n\n\n\n<li>nur die FDP aktiv f\u00fcr die B\u00fcrgerrechte und die Freiheit des Einzelnen k\u00e4mpft, halt eine &#8222;liberale&#8220; Partei ist<\/li>\n\n\n\n<li>nur die FDP am seltensten Entscheidungen nach der Stimmungslage trifft, sondern nach jenen Kriterien, die der Zukunft unseres Landes dienen, auch dann, wenn sie zurzeit unpopul\u00e4r sind<\/li>\n\n\n\n<li>nur die FDP es ernst meint mit B\u00fcrokratieabbau, Steuersenkungen, Datenschutz und Datensicherheit<\/li>\n\n\n\n<li>nur die FDP erkannt hat, dass Erwirtschaften vor Verteilen kommt<\/li>\n\n\n\n<li>nur die FDP Freiheit und Eigenverantwortung wichtiger sch\u00e4tzt, als Staatsh\u00f6rigkeit, Sozialneid und Sicherheitswahn<\/li>\n\n\n\n<li>nur die FDP bei der Bildung Spitzen- und Breitenf\u00f6rderung gleichzeitig vorantreibt<\/li>\n\n\n\n<li>nur die FDP die Bildungspolitik ganz oben ansiedelt und ehrlich, konsequent und langfristig behandelt<\/li>\n<\/ul>\n\n\n\n<h3 class=\"wp-block-heading\">Meine Aussagen<\/h3>\n\n\n\n<p><strong>&#8222;Die wahren Kapitalisten sind die Kommunisten und Sozialisten, denn sie wollen alles mit Geld ausgleichen.&#8220;<\/strong><\/p>\n","protected":false},"excerpt":{"rendered":"<p>Als langj\u00e4hriger FDP Sympathisant und FDP W\u00e4hler bin ich seit Ende 2013 auch Mitglied der FDP in Bielefeld. \u00c4mter, Mandate und Positionen Ich bin Mitglied der Freien Demokraten, weil Meine Aussagen &#8222;Die wahren Kapitalisten sind die Kommunisten und Sozialisten, denn sie wollen alles mit Geld ausgleichen.&#8220;<\/p>\n","protected":false},"author":1,"featured_media":0,"parent":0,"menu_order":0,"comment_status":"closed","ping_status":"closed","template":"","meta":[],"_links":{"self":[{"href":"https:\/\/rainerseifert.de\/index.php?rest_route=\/wp\/v2\/pages\/20"}],"collection":[{"href":"https:\/\/rainerseifert.de\/index.php?rest_route=\/wp\/v2\/pages"}],"about":[{"href":"https:\/\/rainerseifert.de\/index.php?rest_route=\/wp\/v2\/types\/page"}],"author":[{"embeddable":true,"href":"https:\/\/rainerseifert.de\/index.php?rest_route=\/wp\/v2\/users\/1"}],"replies":[{"embeddable":true,"href":"https:\/\/rainerseifert.de\/index.php?rest_route=%2Fwp%2Fv2%2Fcomments&post=20"}],"version-history":[{"count":9,"href":"https:\/\/rainerseifert.de\/index.php?rest_route=\/wp\/v2\/pages\/20\/revisions"}],"predecessor-version":[{"id":136,"href":"https:\/\/rainerseifert.de\/index.php?rest_route=\/wp\/v2\/pages\/20\/revisions\/136"}],"wp:attachment":[{"href":"https:\/\/rainerseifert.de\/index.php?rest_route=%2Fwp%2Fv2%2Fmedia&parent=20"}],"curies":[{"name":"wp","href":"https:\/\/api.w.org\/{rel}","templated":true}]}}